{"id":158,"date":"2024-05-17T17:13:40","date_gmt":"2024-05-17T17:13:40","guid":{"rendered":"https:\/\/relaxed-golick.190-15-141-170.plesk.page\/?page_id=158"},"modified":"2024-05-17T17:17:59","modified_gmt":"2024-05-17T17:17:59","slug":"programacion","status":"publish","type":"page","link":"https:\/\/colaplamed2020.cedia.edu.ec\/index.php\/programacion\/","title":{"rendered":"PROGRAMACI\u00d3N"},"content":{"rendered":"\t\t<div data-elementor-type=\"wp-page\" data-elementor-id=\"158\" class=\"elementor elementor-158\">\n\t\t\t\t<div class=\"elementor-element elementor-element-481665f e-flex e-con-boxed e-con e-parent\" data-id=\"481665f\" data-element_type=\"container\" data-e-type=\"container\" data-settings=\"{&quot;background_background&quot;:&quot;classic&quot;}\">\n\t\t\t\t\t<div class=\"e-con-inner\">\n\t\t\t\t\t<\/div>\n\t\t\t\t<\/div>\n\t\t<div class=\"elementor-element elementor-element-45fcc04 e-flex e-con-boxed e-con e-parent\" data-id=\"45fcc04\" data-element_type=\"container\" data-e-type=\"container\">\n\t\t\t\t\t<div class=\"e-con-inner\">\n\t\t<div class=\"elementor-element elementor-element-2beb3a2 e-flex e-con-boxed e-con e-child\" data-id=\"2beb3a2\" data-element_type=\"container\" data-e-type=\"container\">\n\t\t\t\t\t<div class=\"e-con-inner\">\n\t\t<div class=\"elementor-element elementor-element-7a51322 e-flex e-con-boxed e-con e-child\" data-id=\"7a51322\" data-element_type=\"container\" data-e-type=\"container\">\n\t\t\t\t\t<div class=\"e-con-inner\">\n\t\t\t\t<div class=\"elementor-element elementor-element-61efa26 elementor-widget elementor-widget-text-editor\" data-id=\"61efa26\" data-element_type=\"widget\" data-e-type=\"widget\" data-widget_type=\"text-editor.default\">\n\t\t\t\t<div class=\"elementor-widget-container\">\n\t\t\t\t\t\t\t\t\t<span style=\"color: #1c1c24; font-family: Montserrat, sans-serif; font-size: 36px; font-weight: 900; text-align: center;\">PROGRAMACI\u00d3N<\/span>\t\t\t\t\t\t\t\t<\/div>\n\t\t\t\t<\/div>\n\t\t\t\t\t<\/div>\n\t\t\t\t<\/div>\n\t\t<div class=\"elementor-element elementor-element-ecb977e e-flex e-con-boxed e-con e-child\" data-id=\"ecb977e\" data-element_type=\"container\" data-e-type=\"container\">\n\t\t\t\t\t<div class=\"e-con-inner\">\n\t\t\t\t<div class=\"elementor-element elementor-element-c2e0529 elementor-align-center elementor-widget elementor-widget-button\" data-id=\"c2e0529\" data-element_type=\"widget\" data-e-type=\"widget\" data-widget_type=\"button.default\">\n\t\t\t\t<div class=\"elementor-widget-container\">\n\t\t\t\t\t\t\t\t\t<div class=\"elementor-button-wrapper\">\n\t\t\t\t\t<a class=\"elementor-button elementor-button-link elementor-size-sm\" href=\"https:\/\/forms.gle\/SJs8VHodBVQKwpa98\">\n\t\t\t\t\t\t<span class=\"elementor-button-content-wrapper\">\n\t\t\t\t\t\t\t\t\t<span class=\"elementor-button-text\">INSCR\u00cdBETE AQU\u00cd<\/span>\n\t\t\t\t\t<\/span>\n\t\t\t\t\t<\/a>\n\t\t\t\t<\/div>\n\t\t\t\t\t\t\t\t<\/div>\n\t\t\t\t<\/div>\n\t\t\t\t\t<\/div>\n\t\t\t\t<\/div>\n\t\t<div class=\"elementor-element elementor-element-6939888 e-flex e-con-boxed e-con e-child\" data-id=\"6939888\" data-element_type=\"container\" data-e-type=\"container\">\n\t\t\t\t\t<div class=\"e-con-inner\">\n\t\t\t\t<div class=\"elementor-element elementor-element-851dbc5 elementor-widget elementor-widget-text-editor\" data-id=\"851dbc5\" data-element_type=\"widget\" data-e-type=\"widget\" data-widget_type=\"text-editor.default\">\n\t\t\t\t<div class=\"elementor-widget-container\">\n\t\t\t\t\t\t\t\t\t<div style=\"color: #4c4c4c; font-family: Montserrat, sans-serif; font-size: 15px; text-align: justify;\">*Hora de Ecuador, sede de CEDIA (Corporaci\u00f3n Ecuatoriana para el Desarrollo de la Investigaci\u00f3n) quien brinda apoyo log\u00edstico.<br \/><br \/><\/div><ul style=\"margin-top: 0px; margin-bottom: 10px; color: #4c4c4c; font-family: Montserrat, sans-serif; font-size: 15px; background-color: #ffffff;\"><li style=\"text-align: justify;\">Presentaciones Orales Flash: Duraci\u00f3n de 5 minutos; seleccionados previamente por el Comit\u00e9 Cient\u00edfico<br \/><br \/><\/li><li style=\"text-align: justify;\">Presentaci\u00f3n de algunos p\u00f3sters de cada jornada y atenci\u00f3n a preguntas<br \/><br \/><\/li><li><div style=\"text-align: justify;\">Carrusel de P\u00f3sters: Durante toda la jornada se estar\u00e1n pasando los p\u00f3sters por la plataforma<\/div><\/li><\/ul>\t\t\t\t\t\t\t\t<\/div>\n\t\t\t\t<\/div>\n\t\t\t\t\t<\/div>\n\t\t\t\t<\/div>\n\t\t\t\t\t<\/div>\n\t\t\t\t<\/div>\n\t\t\t\t\t<\/div>\n\t\t\t\t<\/div>\n\t\t<div class=\"elementor-element elementor-element-4e2bfd1 e-con-full e-flex e-con e-parent\" data-id=\"4e2bfd1\" data-element_type=\"container\" data-e-type=\"container\">\n\t\t\t\t<div class=\"elementor-element elementor-element-397adbe elementor-widget elementor-widget-shortcode\" data-id=\"397adbe\" data-element_type=\"widget\" data-e-type=\"widget\" data-widget_type=\"shortcode.default\">\n\t\t\t\t<div class=\"elementor-widget-container\">\n\t\t\t\t\t\t\t<div class=\"elementor-shortcode\">\t\t<div data-elementor-type=\"wp-post\" data-elementor-id=\"106\" class=\"elementor elementor-106\">\n\t\t\t\t<div class=\"elementor-element elementor-element-75c1170 e-con-full e-flex e-con e-parent\" data-id=\"75c1170\" data-element_type=\"container\" data-e-type=\"container\" data-settings=\"{&quot;background_background&quot;:&quot;classic&quot;}\">\n\t\t<div class=\"elementor-element elementor-element-ff719c8 e-flex e-con-boxed e-con e-child\" data-id=\"ff719c8\" data-element_type=\"container\" data-e-type=\"container\">\n\t\t\t\t\t<div class=\"e-con-inner\">\n\t\t\t\t<div class=\"elementor-element elementor-element-59c2efa elementor-widget elementor-widget-image\" data-id=\"59c2efa\" data-element_type=\"widget\" data-e-type=\"widget\" data-widget_type=\"image.default\">\n\t\t\t\t<div class=\"elementor-widget-container\">\n\t\t\t\t\t\t\t\t\t\t\t\t\t\t\t<img decoding=\"async\" width=\"184\" height=\"27\" src=\"https:\/\/colaplamed2020.cedia.edu.ec\/wp-content\/uploads\/2024\/05\/poweredby-01.png\" class=\"attachment-full size-full wp-image-111\" alt=\"\" \/>\t\t\t\t\t\t\t\t\t\t\t\t\t\t\t<\/div>\n\t\t\t\t<\/div>\n\t\t\t\t\t<\/div>\n\t\t\t\t<\/div>\n\t\t\t\t<\/div>\n\t\t\t\t<\/div>\n\t\t<\/div>\n\t\t\t\t\t\t<\/div>\n\t\t\t\t<\/div>\n\t\t\t\t<\/div>\n\t\t\t\t<\/div>\n\t\t","protected":false},"excerpt":{"rendered":"<p>PROGRAMACI\u00d3N INSCR\u00cdBETE AQU\u00cd *Hora de Ecuador, sede de CEDIA (Corporaci\u00f3n Ecuatoriana para el Desarrollo de la Investigaci\u00f3n) quien brinda apoyo log\u00edstico. Presentaciones Orales Flash: Duraci\u00f3n de 5 minutos; seleccionados previamente por el Comit\u00e9 Cient\u00edfico Presentaci\u00f3n de algunos p\u00f3sters de cada jornada y atenci\u00f3n a preguntas Carrusel de P\u00f3sters: Durante toda la jornada se estar\u00e1n pasando [&hellip;]<\/p>\n","protected":false},"author":4,"featured_media":0,"parent":0,"menu_order":0,"comment_status":"closed","ping_status":"closed","template":"","meta":{"footnotes":""},"class_list":["post-158","page","type-page","status-publish","hentry"],"_links":{"self":[{"href":"https:\/\/colaplamed2020.cedia.edu.ec\/index.php\/wp-json\/wp\/v2\/pages\/158","targetHints":{"allow":["GET"]}}],"collection":[{"href":"https:\/\/colaplamed2020.cedia.edu.ec\/index.php\/wp-json\/wp\/v2\/pages"}],"about":[{"href":"https:\/\/colaplamed2020.cedia.edu.ec\/index.php\/wp-json\/wp\/v2\/types\/page"}],"author":[{"embeddable":true,"href":"https:\/\/colaplamed2020.cedia.edu.ec\/index.php\/wp-json\/wp\/v2\/users\/4"}],"replies":[{"embeddable":true,"href":"https:\/\/colaplamed2020.cedia.edu.ec\/index.php\/wp-json\/wp\/v2\/comments?post=158"}],"version-history":[{"count":10,"href":"https:\/\/colaplamed2020.cedia.edu.ec\/index.php\/wp-json\/wp\/v2\/pages\/158\/revisions"}],"predecessor-version":[{"id":171,"href":"https:\/\/colaplamed2020.cedia.edu.ec\/index.php\/wp-json\/wp\/v2\/pages\/158\/revisions\/171"}],"wp:attachment":[{"href":"https:\/\/colaplamed2020.cedia.edu.ec\/index.php\/wp-json\/wp\/v2\/media?parent=158"}],"curies":[{"name":"wp","href":"https:\/\/api.w.org\/{rel}","templated":true}]}}